True
Is 359452725479 prime?
False
Is 2429648335 composite?
True
Is 6259407509 prime?
False
Is 1257685003 prime?
True
Is 3494790343 a composite number?
True
Is 8734193077 a prime number?
True
Is 8547580771 a composite number?
True
Is 932839547 a prime number?
True
Is 239818751 composite?
False
Is 27204497 prime?
True
Is 18737736733 a composite number?
False
Is 8041682867 prime?
True
Is 30419454511 a prime number?
True
Is 1069405787 a composite number?
False
Is 7206325229 composite?
False
Is 13369280279 prime?
True
Is 1817689763 a prime number?
True
Is 587368391 composite?
True
Is 310622009 a prime number?
True
Is 326565727763 a prime number?
False
Is 89339803 a composite number?
True
Is 11360461137 a prime number?
False
Is 4954567403 composite?
False
Is 138648646061 composite?
False
Is 9152388257 prime?
False
Is 5790750019 a composite number?
True
Is 169972717039 a composite number?
False
Is 258989581 composite?
True
Is 11498799419 a prime number?
False
Is 266542121669 a prime number?
True
Is 41673736921 a prime number?
True
Is 64470763541 composite?
True
Is 34990872485 a prime number?
False
Is 2814283063 a composite number?
False
Is 40789051889 a prime number?
False
Is 11978665441 composite?
True
Is 27440393587 prime?
True
Is 340518027 a prime number?
False
Is 3041606479 prime?
False
Is 15399573859 composite?
True
Is 253702269127 composite?
False
Is 53891687 composite?
True
Is 10450427713 composite?
True
Is 41957875937 a composite number?
True
Is 132755382395 composite?
True
Is 162333775297 composite?
False
Is 501070403 a composite number?
True
Is 30596795743 a composite number?
True
Is 569269741 prime?
False
Is 267760814 prime?
False
Is 1224436897 a prime number?
True
Is 5187885127 a composite number?
False
Is 2031642551 composite?
False
Is 437056313 a composite number?
True
Is 9195218387 a composite number?
False
Is 20289197479 prime?
False
Is 810100063 a prime number?
True
Is 36663299261 a prime number?
False
Is 6317324387 prime?
False
Is 151602229 a composite number?
True
Is 215550617 composite?
False
Is 3116080067 prime?
False
Is 9353568689 prime?
True
Is 69040310269 composite?
True
Is 4596599353 prime?
False
Is 2775550957 composite?
True
Is 1390790827 composite?
False
Is 35997385153 composite?
False
Is 52431263 a composite number?
False
Is 41610461003 a prime number?
False
Is 1654663897 a prime number?
False
Is 352536139 a prime number?
True
Is 1582606777 prime?
True
Is 624208553 a composite number?
True
Is 3214233782 prime?
False
Is 31617902179 a prime number?
True
Is 5679440491 prime?
True
Is 1832156159 composite?
False
Is 329911831 composite?
False
Is 2654040427 composite?
False
Is 11246869103 composite?
False
Is 16858513309 a prime number?
False
Is 164810761 a prime number?
False
Is 1709124719 composite?
False
Is 180222547979 prime?
True
Is 83607412607 composite?
False
Is 400994647 composite?
True
Is 2960243261 a composite number?
False
Is 848254469 a composite number?
False
Is 46885379 a prime number?
True
Is 913194317 a prime number?
False
Is 181185619 composite?
False
Is 58987613 prime?
True
Is 326997179 a composite number?
True
Is 10208824049 a prime number?
False
Is 8252001343 composite?
False
Is 356316287 a prime number?
True
Is 353533151 prime?
True
Is 2071123999 a prime number?
False
Is 19889547479 prime?
True
Is 29660759123 a composite number?
False
Is 10449227 composite?
True
Is 4034057479 composite?
False
Is 5343836863 a prime number?
False
Is 22234769549 a prime number?
False
Is 11049467267 composite?
False
Is 4014684007 a composite number?
True
Is 381298913 a prime number?
True
Is 15936059119 a prime number?
False
Is 216305069 prime?
True
Is 327310537 prime?
False
Is 9317740349 a prime number?
True
Is 64664721447 a prime number?
False
Is 3099968803 prime?
True
Is 67709725001 composite?
True
Is 1589194267 prime?
True
Is 3330965509 prime?
True
Is 14959379477 a prime number?
False
Is 2332802974 a prime number?
False
Is 187646497 a prime number?
True
Is 3823957399 a composite number?
False
Is 81927035207 prime?
False
Is 7978492419 composite?
True
Is 8119124389 composite?
False
Is 23109130799 a prime number?
True
Is 44976918443 composite?
False
Is 1025769887 a composite number?
False
Is 801204667 composite?
True
Is 79416854437 a prime number?
False
Is 4572249971 a composite number?
True
Is 19695826549 prime?
False
Is 3999731039 composite?
True
Is 360265211 composite?
False
Is 3890366551 a prime number?
True
Is 176520171 composite?
True
Is 5205744655 composite?
True
Is 6874403183 composite?
True
Is 460916483 a composite number?
True
Is 343473511 a composite number?
True
Is 283875377 prime?
True
Is 12675688957 prime?
True
Is 331053679 a prime number?
False
Is 31474471 a composite number?
True
Is 186471839 a composite number?
False
Is 6305307189 prime?
False
Is 9217641929 composite?
False
Is 2465628377 a prime number?
False
Is 7533499231 prime?
True
Is 1265738533 prime?
False
Is 3185058039 a prime number?
False
Is 2820787493 a prime number?
False
Is 689261789 prime?
False
Is 2686271381 composite?
False
Is 5353622861 a prime number?
True
Is 42150465233 a prime number?
True
Is 55643703631 prime?
False
Is 55089552311 prime?
False
Is 3839555297 composite?
False
Is 22375644623 prime?
False
Is 497878609 a composite number?
True
Is 862329887 prime?
False
Is 458846603 prime?
True
Is 51616519067 composite?
False
Is 63462020687 prime?
False
Is 9083738459 composite?
False
Is 5950926341 composite?
True
Is 350108741 a composite number?
True
Is 975363211 a prime number?
True
Is 136336618373 a composite number?
False
Is 140302386161 composite?
True
Is 38485367147 a composite number?
False
Is 285789641 a composite number?
False
Is 244571801 a composite number?
False
Is 37190053291 a prime number?
False
Is 4847962307 prime?
True
Is 346075489 a prime number?
True
Is 28163472749 a prime number?
False
Is 52388920853 a composite number?
False
Is 1085297903 a prime number?
True
Is 31581286289 composite?
True
Is 1166852879 a composite number?
True
Is 65802527117 a prime number?
True
Is 250063393 prime?
True
Is 2958770809 prime?
True
Is 30679198678 prime?
False
Is 391989481 a prime number?
False
Is 2315641897 composite?
True
Is 1326515329 prime?
True
Is 38580796883 composite?
True
Is 20393231343 prime?
False
Is 20766446593 prime?
True
Is 57040659971 composite?
False
Is 1723011281 a prime number?
True
Is 3868293137 a prime number?
True
Is 3201248569 prime?
False
Is 247777249 prime?
True
Is 90693294163 prime?
True
Is 478471687 a prime number?
True
Is 1565168849 a prime number?
True
Is 3262139359 composite?
False
Is 441761861 a composite number?
True
Is 20714803321 prime?
True
Is 5242086869 a prime number?
True
Is 4793028449 a composite number?
True
Is 3364875763 composite?
False
Is 858416263 a composite number?
False
Is 287545058954 prime?
False
Is 22414080245 composite?
True
Is 1802934701 a prime number?
True
Is 2601056299 a composite number?
False
Is 37212186019 a composite number?
False
Is 4809989771 prime?
True
Is 1940818673 a composite number?
False
Is 605262821 a composite number?
False
Is 820222631 composite?
True
Is 1297101137 composite?
False
Is 313900493 a composite number?
False
Is 254251937 a prime number?
False
Is 15399749633 a composite number?
False
Is 4350613121 a prime number?
False
Is 314841961 a composite number?
True
Is 7729152317 composite?
True
Is 7480428971 a prime number?
True
Is 543344707 composite?
False
Is 17640903589 composite?
True
Is 34182352289 prime?
True
Is 10499032667 a prime number?
True
Is 21887961919 composite?
True
Is 170151491 prime?
True
Is 8401228807 prime?
True
Is 1503904811 a prime number?
True
Is 7196719181 a composite number?
False
Is 251924345 prime?
False
Is 48572175221 a prime number?
True
Is 14401331807 a prime number?
True
Is 327630151 a prime number?
True
Is 8188613861 a composite number?
False
Is 822049765 composite?
True
Is 150760139 prime?
False
Is 25262597983 prime?
False
Is 4213888681 a prime number?
False
Is 325576889 a prime number?
False
Is 1108392107 a prime number?
True
Is 26444650733 a composite number?
False
Is 409112387237 a composite number?
False
Is 464766901 prime?
False
Is 17973923819 composite?
True
Is 141921037 a composite number?
True
Is 13086834091 a prime number?
False
Is 88507